 (base 7) to base 4
122
Convert 113 (base 8) to base 4.
1023
Convert 5 (base 10) to base 7.
5
103 (base 4) to base 14
15
Convert 3 (base 10) to base 11.
3
What is 3 (base 11) in base 5?
3
4 (base 15) to base 2
100
What is 3 (base 12) in base 4?
3
Convert -6a (base 11) to base 9.
-84
What is -b (base 16) in base 10?
-11
-2 (base 16) to base 11
-2
What is f1 (base 16) in base 15?
111
Convert 4 (base 11) to base 13.
4
-2 (base 15) to base 12
-2
Convert 212 (base 4) to base 10.
38
-10 (base 5) to base 7
-5
15 (base 8) to base 10
13
What is 16 (base 9) in base 16?
f
Convert -14 (base 5) to base 3.
-100
What is -39 (base 10) in base 11?
-36
8 (base 9) to base 10
8
-11011001 (base 2) to base 8
-331
Convert -1050 (base 6) to base 16.
-f6
What is -7a (base 13) in base 2?
-1100101
What is 0 (base 15) in base 2?
0
36 (base 8) to base 14
22
What is 1 (base 7) in base 2?
1
Convert -3 (base 13) to base 2.
-11
What is -161 (base 7) in base 15?
-62
440 (base 6) to base 4
2220
37 (base 8) to base 10
31
Convert 210 (base 3) to base 13.
18
What is 10 (base 4) in base 15?
4
-1000 (base 4) to base 14
-48
Convert -1 (base 3) to base 8.
-1
11101111 (base 2) to base 11
1a8
What is 118 (base 11) in base 4?
2030
-102 (base 6) to base 7
-53
What is -14 (base 12) in base 15?
-11
Convert -14 (base 9) to base 16.
-d
What is -4 (base 16) in base 10?
-4
What is 17 (base 8) in base 11?
14
3d (base 16) to base 5
221
What is 5 (base 10) in base 4?
11
-11 (base 2) to base 12
-3
What is -3 (base 9) in base 13?
-3
-38 (base 12) to base 5
-134
What is -302 (base 6) in base 2?
-1101110
Convert -29 (base 10) to base 13.
-23
Convert 1 (base 11) to base 16.
1
Convert 6b (base 15) to base 13.
7a
Convert a (base 14) to base 9.
11
2 (base 15) to base 6
2
Convert 1 (base 14) to base 11.
1
Convert -2 (base 14) to base 13.
-2
What is -4 (base 16) in base 4?
-10
39 (base 13) to base 10
48
Convert -6 (base 16) to base 11.
-6
e (base 16) to base 12
12
Convert 7 (base 14) to base 7.
10
Convert -6 (base 15) to base 4.
-12
Convert -16 (base 9) to base 14.
-11
What is 12 (base 3) in base 5?
10
Convert -2 (base 13) to base 14.
-2
Convert -11 (base 15) to base 2.
-10000
What is 12 (base 8) in base 15?
a
What is -3103 (base 4) in base 7?
-421
-5b (base 13) to base 6
-204
1 (base 15) to base 16
1
-2 (base 15) to base 4
-2
What is 5 (base 14) in base 10?
5
What is -14 (base 6) in base 5?
-20
What is 23 (base 13) in base 10?
29
Convert 4 (base 12) to base 8.
4
What is -3 (base 7) in base 8?
-3
-2 (base 16) to base 13
-2
Convert 304 (base 6) to base 4.
1300
What is 44 (base 7) in base 13?
26
12 (base 15) to base 8
21
What is 4 (base 12) in base 5?
4
-25 (base 7) to base 15
-14
-58 (base 15) to base 16
-53
What is 3 (base 7) in base 11?
3
24 (base 10) to base 11
22
Convert 4 (base 8) to base 11.
4
Convert -8 (base 9) to base 3.
-22
What is -14 (base 14) in base 5?
-33
What is -25 (base 6) in base 4?
-101
What is 11110101 (base 2) in base 11?
203
What is -3 (base 15) in base 12?
-3
-36 (base 9) to base 13
-27
What is -1 (base 3) in base 6?
-1
Convert -10 (base 6) to base 5.
-11
Convert 20 (base 8) to base 12.
14
What is 411 (base 7) in base 11?
176
Convert 2 (base 16) to base 7.
2
-10 (base 2) to base 7
-2
-10011011 (base 2) to base 15
-a5
Convert 91 (base 14) to base 3.
11201
Convert -141 (base 8) to base 15.
-67
-37 (base 15) to base 3
-1221
10110 (base 2) to base 3
211
Convert -32 (base 4) to base 12.
-12
Convert 2 (base 15) to base 6.
2
4 (base 13) to base 5
4
Convert 405 (base 6) to base 13.
b6
Convert 18 (base 10) to base 6.
30
What is 2 (base 6) in base 14?
2
What is 103 (base 6) in base 16?
27
What is -36 (base 9) in base 12?
-29
What is -211 (base 3) in base 8?
-26
Convert 5 (base 14) to base 16.
5
What is 2 (base 16) in base 5?
2
What is 110 (base 3) in base 13?
c
Convert 7 (base 15) to base 8.
7
-6 (base 7) to base 4
-12
0 (base 15) to base 2
0
11 (base 3) to base 13
4
-36 (base 7) to base 10
-27
Convert -311 (base 7) to base 16.
-9b
What is -56 (base 15) in base 6?
-213
-115 (base 6) to base 12
-3b
What is 32 (base 13) in base 3?
1112
Convert -11010 (base 2) to base 4.
-122
Convert 60 (base 13) to base 11.
71
What is 324 (base 5) in base 6?
225
What is -52 (base 9) in base 5?
-142
Convert 2010 (base 4) to base 8.
204
12 (base 8) to base 13
a
What is -38 (base 12) in base 2?
-101100
What is -51 (base 8) in base 5?
-131
Convert 3 (base 11) to base 7.
3
What is 1404 (base 5) in base 8?
345
What is 101000 (base 2) in base 7?
55
What is -bb (base 15) in base 6?
-452
3b (base 14) to base 11
49
Convert -7 (base 12) to base 9.
-7
What is 3d (base 15) in base 10?
58
111110 (base 2) to base 10
62
What is 3 (base 4) in base 15?
3
-11 (base 13) to base 16
-e
What is 4 (base 8) in base 15?
4
-5 (base 6) to base 11
-5
Convert 360 (base 8) to base 7.
462
-311 (base 4) to base 14
-3b
Convert 0 (base 8) to base 15.
0
1255 (base 6) to base 13
1bb
20 (base 9) to base 5
33
Convert 31 (base 16) to base 7.
100
Convert 3 (base 6) to base 14.
3
0 (base 2) to base 15
0
Convert 2 (base 7) to base 16.
2
Convert -111 (base 2) to base 3.
-21
11 (base 9) to base 5
20
What is 7c (base 15) in base 11?
a7
Convert 18 (base 13) to base 10.
21
0 (base 9) to base 13
0
1111 (base 4) to base 9
104
-180 (base 9) to base 5
-1103
Convert 1 (base 16) to base 11.
1
-b (base 13) to base 12
-b
Convert 62 (base 10) to base 16.
3e
-a9 (base 16) to base 7
-331
Convert -7 (base 15) to base 5.
-12
22110 (base 3) to base 11
198
Convert -42 (base 5) to base 12.
-1a
-10 (base 2) to base 5
-2
Convert -4 (base 13) to base 14.
-4
Convert 10 (base 6) to base 9.
6
What is 4 (base 15) in base 2?
100
-22 (base 7) to base 6
-24
What is 64 (base 14) in base 15?
5d
Convert -a (base 13) to base 4.
-22
3 (base 10) to base 16
3
What is -3 (base 10) in base 2?
-11
-242 (base 5) to base 12
-60
-3e (base 15) to base 2
-111011
Convert 42 (base 7) to base 14.
22
What is 21 (base 12) in base 9?
27
Convert 540 (base 6) to base 11.
176
What is 66 (base 9) in base 13?
48
Convert 11 (base 13) to base 14.
10
111 (base 6) to base 14
31
Convert -255 (base 9) to base 12.
-158
-3 (base 15) to base 3
-10
2 (base 13) to base 9
2
Convert a (base 14) to base 4.
22
Convert 81 (base 13) to base 15.
70
What is 116 (base 16) in base 6?
1142
-22 (base 4) to base 5
-20
What is -1 (base 14) in base 11?
-1
-2 (base 3) to base 15
-2
77 (base 13) to base 3
10122
-1 (base 5) to base 9
-1
What is -3 (base 8) in base 11?
-3
100 (base 2) to base 16
4
1110 (base 3) to base 7
54
What is -3 (base 9) in base 8?
-3
-17 (base 14) to base 15
-16
-1001 (base 2) to base 13
-9
-101 (base 2) to base 6
-5
b (base 14) to base 2
1011
Convert -78 (base 9) to base 14.
-51
Convert 2 (base 12) to base 9.
2
-c7 (base 14) to base 16
-af
-230 (base 5) to base 11
-5a
100 (base 2) to base 15
4
Convert 100110011 (base 2) to base 8.
463
What is 200 (base 3) in base 11?
17
Convert 10 (base 8) to base 7.
11
What is -10 (base 7) in base 5?
-12
Convert 10 (base 12) to base 2.
1100
-14 (base 16) to base 12
-18
What is c1 (base 16) in base 11?
166
Convert -4 (base 13) to base 2.
-100
Convert -1 (base 14) to base 7.
-1
11 (base 2) to base 12
3
What is -55 (base 11) in base 3?
-2020
Convert 11 (base 7) to base 11.
8
Convert -17 (base 11) to base 4.
-102
Convert 0 (base 12) to base 5.
0
What is 80 (base 9) in base 15?
4c
-2 (base 9) to base 11
-2
-2 (base 13) to base 12
-2
Convert 1 (base 10) to base 5.
1
34 (base 10) to base 11
31
What is 4 (base 12) in base 13?
4
-100 (base 4) to base 12
-14
9 (base 10) to base 12
9
What is 231 (base 11) in base 10?
276
-110 (base 6) to base 2
-101010
22 (base 12) to base 8
32
What is 5 (base 15) in base 4?
11
-31 (base 6) to base 8
-23
What is 2034 (base 5) in base 13?
179
What is 14 (base 8) in base 6?
20
65 (base 11) to base 15
4b
Convert -322 (base 7) to base 13.
-c7
Convert c (base 13) to base 6.
20
9 (base 14) to base 8
11
What is 10 (base 14) in base 9?
15
1 (base 12) to base 5
1
111 (base 5) to base 6
51
What is 92 (base 13) in base 6?
315
-1b (base 14) to base 9
-27
Convert -16 (base 12) to base 15.
-13
22 (base 13) to base 8
34
Convert -9 (base 11) to base 5.
-14
25 (base 12) to base 5
104
What is 11 (base 3) in base 4?
10
-59 (base 14) to base 11
-72
What is -1 (base 4) in ba